
-4
What is the value of (0 - -5) + (18 - (13 - -2))?
8
Calculate -4 + 5 + 3 + (1 - 1).
4
What is 3 + 0 + -112 + 101?
-8
Calculate -10 + (-1 - -11) + (-2 - 3).
-5
Evaluate 2 + 2 + 0 - (5 - 3).
2
What is (-46 - -40) + 5 + 0?
-1
Calculate -3 + 12 + 0 + -5 + 2.
6
What is -16 + 6 + -1 + 9?
-2
What is the value of 1 + 4 + (-1 + 3 - 5)?
2
What is the value of (-3 - 4) + 5 + (1 - 0)?
-1
Calculate 2 - (-2 + (-2 - (-3 - 1))).
2
Evaluate -1 - (2 - (-3 + 4)).
-2
-1 + 5 + 0 + -2
2
Calculate 249 + -242 + (1 - 18).
-10
Calculate 2 + -10 + -1 + (51 - 47).
-5
Evaluate (-3 + 1 - -3) + 0 - 2.
-1
Evaluate -1 + 5 - (0 + (0 - -3)).
1
What is the value of 0 - (-6 + (-1 + 2 - -2))?
3
Evaluate 1 + 2 + -5 + 2 + 5.
5
1 + 3 - (7 + -2 + 2)
-3
Calculate -10 + 2 - (-7 - 0).
-1
0 + (-3 - (-8 + 2)) + -3
0
Evaluate -9 + (-7 - (-20 + 8)).
-4
What is the value of -3 - ((0 - 4) + 0)?
1
What is the value of 4 - ((5 - 2) + -4)?
5
What is (10 - (20 - 0)) + 3?
-7
-1 + -3 - -8 - 6
-2
(3 - (-3 - 2)) + 0 + -4
4
What is the value of 1 + (-2 - -1 - -3)?
3
1 + -4 - -5 - -4
6
What is the value of 4 + 1 + -4 + 1?
2
Calculate -5 + 3 + -2 - (-4 - -1).
-1
Evaluate 0 + -8 - -8 - 2.
-2
What is -4 + (11 - (12 + -5))?
0
Calculate -6 + 1 + (10 - 9).
-4
What is 4 - ((18 - 8) + -14)?
8
Calculate 3 + -1 - (2 + (11 - 11)).
0
Evaluate -2 + 2 + -2 + 15 + -18.
-5
What is the value of (-3 - -1) + -1 + -1?
-4
Calculate 17 + -17 - (-2 - 4).
6
What is the value of 4 + 1 + -2 + 17 + -23?
-3
What is the value of 3 - (2 - 7 - -11) - -6?
3
Calculate 2 + -2 - 1 - 2.
-3
What is 29 + -31 + (-5 - -1) - -1?
-5
Calculate -5 + 4 + -1 - -1.
-1
Calculate 2 + (-1 + -1 + 0 - -5).
5
Evaluate -3 - (-3 - 2) - (-54 - -65).
-9
What is 7 - (5 - 0) - (0 - -3)?
-1
(-2 + 9 - 3) + (1 - 0)
5
Calculate -8 - (8 + 2 + -19).
1
-3 + 10 + -2 + (1 - 6)
0
What is 5 + -7 - -8 - 8?
-2
12 + (23 - 11) + -17
7
Calculate 2 + 5 - (0 - -8).
-1
Evaluate 3 - 2 - (3 + -10 + 3).
5
What is 2 - (-8 + 20 + -3)?
-7
What is 0 - (-1 + -2) - (34 + -37)?
6
Calculate 2 - (2 + (1 - (-6 + 4))).
-3
Calculate -10 + 6 + 5 - 8.
-7
7 - (-1 + 8) - (-1 - -5)
-4
What is -5 + 10 + (3 - 4)?
4
What is the value of (1 - 3) + 5 + 1 + 0?
4
Calculate -17 - -12 - (-11 + 0).
6
What is the value of -2 + (-6 - -4) + -1?
-5
Calculate 2 + 5 + -7 - (-5 - 0).
5
Evaluate 5 - (-7 - -3 - -6).
3
What is the value of 2 - -3 - (-4 + 6 - 2)?
5
6 + (3 - 6) - 2
1
-1 + -1 - ((-9 - -3) + 2)
2
2 + (1 + -4 - (5 - 9))
3
5 + (-11 - (-1 - 4))
-1
What is the value of (-4 - -1) + (149 - 138)?
8
Evaluate -102 + 101 - (-4 + 0).
3
Calculate 0 + -3 - (-3 + (3 - 0)).
-3
What is 0 + (9 - 7 - 7)?
-5
Calculate 0 - -11 - (-16 + 24).
3
What is the value of 6 - 4 - (2 + -3 - 1)?
4
What is the value of 6 + -5 - (-2 + 0)?
3
Evaluate (10 + -14 - (0 - -4)) + 4.
-4
What is -3 + 10 + (-2 - 2)?
3
What is the value of -2 + (6 - -4) + -7?
1
What is the value of -11 - -11 - (1 + -1) - 0?
0
Evaluate -7 - (-3 + (-3 - (-1 + 2))).
0
What is 3 - -1 - (12 - (8 - 4))?
-4
-3 - -4 - -1 - -1 - 0
3
What is -1 + 6 - (-11 + (-28 - -46))?
-2
(1 - 7) + 1 - (1 + -3)
-3
What is the value of 9 + -13 - (1 - -4) - -5?
-4
What is (-8 - -2) + 0 - -6?
0
What is -3 + 10 + -4 - 0?
3
Calculate (3 - (2 + 0)) + (2 - 8).
-5
What is (-5 - -3 - 14) + 7 + 1?
-8
Evaluate 0 - 1 - (0 + 0).
-1
Evaluate 12 - 1 - (6 + (-11 - -10)).
6
Evaluate (-5 - (-13 + 9)) + -3.
-4
Evaluate 108 + -90 + 0 + -10.
8
What is the value of -4 + 0 - (-41 - -42) - -5?
0
Evaluate (-2 - (-1 + 4)) + 1.
-4
Evaluate -1 - (-1 + -4 + 2).
2
Calculate (1 - 4) + -3 + 2 + 0.
-4
-3 + 4 + 4 - 3
2
What is -1 + -13 + 7 + -2?
-9
Calculate 10 + -10 + (0 - -5).
5
What is the value of (-1 - -1) + -4 + -2 + 9?
3
Evaluate -4 - (3 - 6) - (-11 + 13).
-3
(1 - 0) + -12 + 7
-4
Calculate 7 + (9 + -24 - -8).
0
Evaluate -1 + 4 - (3 - (-2 + -2)).
-4
Evaluate -12 + 1 - -14 - (-2 - 1).
6
Calculate (6 - 0) + 2 - 6.
2
Calculate (12 - 4) + -1 + -5 + -2.
0
Calculate -6 + (-4 - -5) + 3 - -2.
0
What is -4 - (-2 - (3 + -2))?
-1
-42 + 52 - (2 + 15)
-7
What is 4 - (2 + 1 + -4)?
5
Calculate 11 + (6 - (0 + 1)) + -9.
7
Calculate -1 + -15 + 7 - -5.
-4
What is 0 + 4 + (-12 - -9)?
1
What is the value of -1 + -4 + 49 + -38?
6
3 + 5 + -3 + -5 + 1
1
What is 4 + 2 + (-3 - (6 + -1))?
-2
8 + (-6 - 1) + (-9 - -7)
-1
Evaluate 5 - (1 - (-8 - -6)).
2
What is -1 + -1 + (-2 - (4 - 12))?
4
Calculate -9 - 2 - (-26 - -7).
8
What is the value of -7 + 8 + -1 + -11 + 8?
-3
What is 5 - 5 - (1 - 4) - 4?
-1
What is the value of (4 - 0) + 0 + 3?
7
What is (-1 - -3) + (21 - 23)?
0
What is the value of (-1 - -4) + 3 - 3?
3
Calculate -2 + (0 - -3 - 9).
-8
What is 4 - 2 - -1 - 6 - 0?
-3
Calculate 1 + (-11 - -2) + -2 + 4.
-6
Calculate -9 + 8 + 7 + (0 - 0).
6
0 - 1 - (-1 - 3) - 2
1
Evaluate (4 - 13) + 18 - 17.
-8
Evaluate -6 - 0 - (-1 - 1).
-4
Calculate 14 + (8 - 17) + -5.
0
What is the value of (-1 - -11 - 2) + -7?
1
What is the value of 4 + 2 + 2 + -4 + -3?
1
What is the value of 11 - (-5 + 9) - 6?
1
Calculate -24 + 29 - (3 + -2 - -8).
-4
What is -7 - (4 - (-1 + 2 + 5))?
-5
Calculate -4 + 1 + 30 + -25.
2
What is 0 - (-6 - 0 - -1)?
5
-2 - 1 - (54 + -64)
7
Calculate -4 + 8 - (-5 - -3 - 1).
7
3 + 11 + -7 - 0
7
Evaluate 0 + 1 - -2 - (-1 - 0).
4
What is 4 + 2 + -12 + 10 + 0?
4
What is (6 + -1 + 1 - 0) + -2?
4
What is the value of 5 + (-15 - -4) - -10?
4
What is the value of 8 - (2 - (-3 - (-3 + 2)))?
4
What is the value of -18 + 25 + (2 - 16)?
-7
Evaluate -5 + -5 + 7 - 10 - -6.
-7
Evaluate 2 + (-3 - -4) + -8.
-5
Calculate 0 + (0 - (4 - (-4 + 8))).
0
-3 - -4 - -2 - 8 - -10
5
What is the value of 10 - (0 + 13 + 2)?
-5
What is -6 - (-16 - (-14 + 11))?
7
What is 1 - (5 + 5 + -1)?
-8
What is -3 + 3 + (-2 - -9)?
7
What is the value of -106 + 115 + 0 + 1?
10
Evaluate -1 + 0 + 4 + -23 + 20.
0
What is the value of -4 - -20 - (0 + 8)?
8
Evaluate 5 + -2 + 0 + 5 - 4.
4
What is the value of (2 - -1 - 5) + 1?
-1
What is 3 + -6 - -4 - 3?
-2
Evaluate -1 + (6 - (-6 + 7)).
4
What is 4 - (1 + 2 + (-4 - -1))?
4
What is 2 - (0 + 7) - (2 - 4)?
-3
What is 5 - 1 - 10 - (-18 - -15)?
-3
Evaluate -5 + 2 - ((-2 - 1) + 5).
-5
Evaluate -8 - -4 - -4 - (0 - 3).
3
What is the value of -11 - (4 + (3 - 3) - 8)?
-7
Evaluate 7 + (2 - 17) - (-1 + -3).
-4
What is (32 - 40) + (7 - 1)?
-2
Calculate 1 - -1 - (1 + 3 + 0).
-2
Calculate 337 + -334 + 0 + 0.
3
What is -1 + 0 + 4 - (-1 - -4)?
0
Calculate (-1 + 6 - 18) + -8 + 11.
-10
What is the value of 4 + (-4 + -4 - -3)?
-1
Calculate (1 - 11 - -7) + -1.
-4
0 - (-3 + (0 + 1 - -3))
-1
Calculate 4 + -1 + -2 + (-1 - 3).
-3
Calculate (3 - -6) + -5 + -1 + -3.
0
Evaluate 0 + -1 + 4 + (-45 - -42).
0
What is -1 + -1 + 2 - -3?
3
What is the value of (-2 - 1) + 12 + -1 + -5?
3
What is 1 - (-4 - -7 - (-1 - 2))?
-5
Calculate -10 + 8 + 0 + 8 - -1.
7
Evaluate -1 - 0 - (-30 - -11 - -18).
0
What is the value of (10 - 12) + 2 + -6 - -9?
3
Evaluate -1 - (-8 - (-3 - -8 - 10)).
2
What is 4 + -3 + 4 + -8 - -4?
1
Evaluate -6 + (-7 - (2 - 4) - -19).
8
2 - (6 - 1) - (-3 + 1)
-1
What is the value of 1 + -7 - 2 - -14?
6
Calculate -4 + 3 - 2 - -2.
-1
Evaluate 2 + -5 + 3 - 6.
-6
What is -1 + 16 + (-16 - (12 - 21))?
8
(-17 - -3) + 3 - (13 + -15)
-9
What is the value of -3 - (0 + -7 + 4)?
0
What is 2 + -2 + 3 + -1?
2
What is -13 + 4 - (3 + -8)?
-4
-28 + 14 + 12 - -9
7
Evaluate (2 - -3 - (0 + 0)) + 1.
6
Evaluate (2 - -4) + 35 + -34.
7
-1 - (-8 - (-18 + 13))
2
Evaluate 17 + 2 + -2 + -7 - 2.
8
Evaluate 0 + -3 - (4 - 2).
-5
Evaluate (-75 - -78) + 0 + -1 + -1.
1
What is (-15 - (2 - (-1 - -9))) + -1?
-10
-10 + 14 + -4 + 1
1
Evaluate (3 - (-3 - -6)) + 6 + -5.
1
What is the value of (1 - -6) + -2 + 4 + -19?
-10
Evaluate (-7 - 9) + 7 - -7.
-2
What is the value of -7 + (1 - 0) - (-38 - -31)?
1
What is the value of -4 + -1 - (-14 + 5 + 5)?
-1
Evaluate (1 - 1) + (-6 - (1 + -3)).
-4
Calculate 2 - (0 + 9 - 5).
-2
Calculate -9 + 0 + (22 - 9).
4
Calculate -3 + 1 + (-2 - -2) - -1.
-1
What is the value of 3 + 1 - (2 - 4 - -2)?
4
What is the value of -3 + (6 - -1 - 0)?
4
What is 1 - (15 + -2 - (26 - 19))?
-5
Calculate (21 - (-4 + 24)) + 4 + -1.
4
(4 - 18) + 8 + -5
-11
What is the value of 10 + (-10 + -1 - (2 - 9))?
6
Calculate -6 + 13 + -2 - 1.
4
6 + (5 - (-1 - -15))
-3
What is (-7 + (14 - 0) - 0) + 0?
7
Evaluate 6 - (12 - (0 + 0)).
-6
What is the value of -1 - ((0 - 1) + -2 - -7)?
-5
What is -13 - (